{"id":322,"date":"2020-05-11T12:07:13","date_gmt":"2020-05-11T09:07:13","guid":{"rendered":"http:\/\/cloud26.hostingpalvelu.fi\/~saalisil\/yhteislupa\/?page_id=322"},"modified":"2023-06-18T08:35:17","modified_gmt":"2023-06-18T05:35:17","slug":"luvanmyyjat","status":"publish","type":"page","link":"https:\/\/yhteislupa.com\/yhteislupa\/luvanmyyjat\/","title":{"rendered":"LUVANMYYJ\u00c4T"},"content":{"rendered":"<h4>TORNION-MUONIONJOEN-K\u00d6NK\u00c4M\u00c4ENON YHTEISLUVAN LUVANMYYNTIPISTEET V. 2022<\/h4>\n<p>&nbsp;<\/p>\n<table style=\"font-size: 0.6rem;\">\n<tbody>\n<tr>\n<td>N:O<\/td>\n<td>Nimi<\/td>\n<td>Puh.<\/td>\n<td>L\u00e4hiosoite<\/td>\n<td>Postinumero<\/td>\n<td>Postitoimipaikka<\/td>\n<td>Huom!<\/td>\n<\/tr>\n<tr>\n<td>2<\/td>\n<td>Kukkolaforsen Turist &amp; Konferens AB<\/td>\n<td>9904692231000<\/td>\n<td>Kukkolaforsen 184<\/td>\n<td>SE-95391<\/td>\n<td>HAPARANDA<\/td>\n<td>Sverige<\/td>\n<\/tr>\n<tr>\n<td>3<\/td>\n<td>Honkasuvannon Majat<\/td>\n<td>+358(0)400587233<\/td>\n<td>V\u00e4yl\u00e4nvarrentie 194<\/td>\n<td>95720<\/td>\n<td>JARHOINEN<\/td>\n<td><\/td>\n<\/tr>\n<tr>\n<td>4<\/td>\n<td><\/td>\n<td><\/td>\n<td><\/td>\n<td><\/td>\n<td><\/td>\n<td><\/td>\n<\/tr>\n<tr>\n<td>5<\/td>\n<td>Arctic Camping.<\/td>\n<td>050 5471050<\/td>\n<td>Karpinp\u00e4\u00e4ntie 9<\/td>\n<td>95640<\/td>\n<td>JUOKSENKI<\/td>\n<td><\/td>\n<\/tr>\n<tr>\n<td>6<\/td>\n<td>Rautilas Livs Ab \/ Agneta Rautila<\/td>\n<td>+46927 21009<\/td>\n<td>Byv\u00e4gen 47<\/td>\n<td>SE-95723<\/td>\n<td>JUOKSENGI<\/td>\n<td>Sverige<\/td>\n<\/tr>\n<tr>\n<td>7<\/td>\n<td>Hedman Yrj\u00f6<\/td>\n<td>040-5063514<\/td>\n<td>K\u00e4sivarrentie 3648<\/td>\n<td>99470<\/td>\n<td>KARESUVANTO<\/td>\n<td><\/td>\n<\/tr>\n<tr>\n<td>8<\/td>\n<td>K-Market Ruoka-Aitta \/ Karoliina ja Teijo Pyykk\u00f6nen<\/td>\n<td>016470239<\/td>\n<td>Jokivarrentie 2473<\/td>\n<td>95530<\/td>\n<td>KARUNKI<\/td>\n<td><\/td>\n<\/tr>\n<tr>\n<td>9<\/td>\n<td><\/td>\n<td><\/td>\n<td><\/td>\n<td><\/td>\n<td><\/td>\n<td><\/td>\n<\/tr>\n<tr>\n<td>10<\/td>\n<td>Joki Kaarina<\/td>\n<td>016-563615<\/td>\n<td>Lappeantie 109<\/td>\n<td>95900<\/td>\n<td>KOLARI<\/td>\n<td><\/td>\n<\/tr>\n<tr>\n<td>11<\/td>\n<td>Jouttensuvannon Loma \/ Mika Rundgren<\/td>\n<td>0400216264<\/td>\n<td>Lappeantie 449<\/td>\n<td>95900<\/td>\n<td>KOLARI<\/td>\n<td><\/td>\n<\/tr>\n<tr>\n<td>12<\/td>\n<td>Lappean Lohi \/ Mauri Kylm\u00e4maa<\/td>\n<td>0400-188444<\/td>\n<td>Feetankuja 10<\/td>\n<td>95900<\/td>\n<td>KOLARI<\/td>\n<td><\/td>\n<\/tr>\n<tr>\n<td>13<\/td>\n<td><\/td>\n<td><\/td>\n<td><\/td>\n<td><\/td>\n<td><\/td>\n<td><\/td>\n<\/tr>\n<tr>\n<td>14<\/td>\n<td>Urheiluliike Hansport Ky<\/td>\n<td>016-561959<\/td>\n<td>Jokijalantie\u00a0 59<\/td>\n<td>95900<\/td>\n<td>KOLARI<\/td>\n<td><\/td>\n<\/tr>\n<tr>\n<td>15<\/td>\n<td>Kolarin Burger &amp; Majat<\/td>\n<td>040 5161204<\/td>\n<td>Muoniontie 2<\/td>\n<td>95900<\/td>\n<td>KOLARI<\/td>\n<td><\/td>\n<\/tr>\n<tr>\n<td>16<\/td>\n<td>Oranssi Karhu<\/td>\n<td>\u00a00405544019<\/td>\n<td>\u00a0Vihre\u00e4pys\u00e4kki<\/td>\n<td>\u00a095700<\/td>\n<td>\u00a0PELLO<\/td>\n<td><\/td>\n<\/tr>\n<tr>\n<td>17<\/td>\n<td>Tonko Camping \/ Pauli Orre<\/td>\n<td>050-461 1923<\/td>\n<td>Rantakyl\u00e4ntie 215<\/td>\n<td>95630<\/td>\n<td>KUIVAKANGAS<\/td>\n<td>Juoksenki<\/td>\n<\/tr>\n<tr>\n<td>18<\/td>\n<td>Kalaliike Haavi \/ Kimmo Auno<\/td>\n<td>0400694356<\/td>\n<td>Jokivarrentie 1677<\/td>\n<td>95520<\/td>\n<td>KUKKOLA<\/td>\n<td><\/td>\n<\/tr>\n<tr>\n<td>19<\/td>\n<td>Kukkolan Koski-Catering<\/td>\n<td>040-730 1524<\/td>\n<td>Koskitie 4<\/td>\n<td>95520<\/td>\n<td>KUKKOLA<\/td>\n<td><\/td>\n<\/tr>\n<tr>\n<td>20<\/td>\n<td>Arctic Knife \/ Heikki Alatalo<\/td>\n<td>016-538 738<\/td>\n<td>Muoniontie\u00a0 1721<\/td>\n<td>99320<\/td>\n<td>K\u00c4TK\u00c4SUVANTO<\/td>\n<td><\/td>\n<\/tr>\n<tr>\n<td>21<\/td>\n<td><\/td>\n<td><\/td>\n<td><\/td>\n<td><\/td>\n<td><\/td>\n<td><\/td>\n<\/tr>\n<tr>\n<td>22<\/td>\n<td>Lomamaja Pekonen \/ Paula Pekonen<\/td>\n<td>0405508436<\/td>\n<td>Lahenrannantie 10<\/td>\n<td>99300<\/td>\n<td>MUONIO<\/td>\n<td><\/td>\n<\/tr>\n<tr>\n<td>23<\/td>\n<td>SEO\u00a0 Muonio<\/td>\n<td>016-532 462<\/td>\n<td>Torniontie 6<\/td>\n<td>99300<\/td>\n<td>MUONIO<\/td>\n<td><\/td>\n<\/tr>\n<tr>\n<td>24<\/td>\n<td>Pyssykorvan Lomamajat \/ Partanen Paavo<\/td>\n<td>0400-295998<\/td>\n<td>M\u00e4entie 8<\/td>\n<td>99300<\/td>\n<td>MUONIO<\/td>\n<td><\/td>\n<\/tr>\n<tr>\n<td>25<\/td>\n<td>\u00c4ij\u00e4kosken Lomakyl\u00e4 Oy \/ Marja Micklin<\/td>\n<td>016-539225<\/td>\n<td>Torniontie 639<\/td>\n<td>99300<\/td>\n<td>MUONIO<\/td>\n<td><\/td>\n<\/tr>\n<tr>\n<td>26<\/td>\n<td>Vene- ja m\u00f6kkivuokraamo \/ Uusitalo Petri<\/td>\n<td>0400-397021<\/td>\n<td>Orankitie 3<\/td>\n<td>95710<\/td>\n<td>NAAMISUVANTO<\/td>\n<td><\/td>\n<\/tr>\n<tr>\n<td>27<\/td>\n<\/tr>\n<tr>\n<td>28<\/td>\n<td>Dessan&#8217;s Cafe \/ Desire Wiinikka<\/td>\n<td>+46 70 610 8484<\/td>\n<td>Ragnar Lassinanttiv\u00e4gen 19<\/td>\n<td>95793<\/td>\n<td>PELLO<\/td>\n<td>Sverige<\/td>\n<\/tr>\n<tr>\n<td>29<\/td>\n<td>Sportmagasinet \u00d6vertorni\u00e5 AB<\/td>\n<td>+4692710230<\/td>\n<td>Skolv\u00e4gen 1<\/td>\n<td>SE-95731<\/td>\n<td>\u00d6VERTORNE\u00c5<\/td>\n<td>Sverige<\/td>\n<\/tr>\n<tr>\n<td>30<\/td>\n<td>PellonHelmi Lomam\u00f6kit<\/td>\n<td>040 6867580<\/td>\n<td>Vaaranper\u00e4\u00a03B<\/td>\n<td>95700<\/td>\n<td>PELLO<\/td>\n<td><\/td>\n<\/tr>\n<tr>\n<td>31<\/td>\n<td>Lempe\u00e4n Lohirengas \/ Esko Alkku \/ Lassila<\/td>\n<td>040-585 1614<\/td>\n<td>V\u00e4yl\u00e4nvarrentie 23<\/td>\n<td>95700<\/td>\n<td>PELLO<\/td>\n<td><\/td>\n<\/tr>\n<tr>\n<td>32<\/td>\n<td>Shell Joppari \/ P\u00e4ivi Heikkil\u00e4<\/td>\n<td>016-512771<\/td>\n<td>Pellontie 31<\/td>\n<td>95700<\/td>\n<td>PELLO<\/td>\n<td><\/td>\n<\/tr>\n<tr>\n<td>33<\/td>\n<td>SEO Pello \/ Mika M\u00e4ki<\/td>\n<td>016-513131<\/td>\n<td>Pellontie 29<\/td>\n<td>95700<\/td>\n<td>PELLO<\/td>\n<td><\/td>\n<\/tr>\n<tr>\n<td>34<\/td>\n<td>T:mi Kolehmainen \/ Martti Kolehmainen<\/td>\n<td>040 5689131<\/td>\n<td>V\u00e4yl\u00e4nvarrentie 41<\/td>\n<td>95700<\/td>\n<td>PELLO<\/td>\n<td><\/td>\n<\/tr>\n<tr>\n<td>35<\/td>\n<td>Hotelli Olof<\/td>\n<td>0500690980<\/td>\n<td>Hallituskatu 16<\/td>\n<td>95400<\/td>\n<td>TORNIO<\/td>\n<td><\/td>\n<\/tr>\n<tr>\n<td>36<\/td>\n<td>ABC Tornio \/ Nina Rantamaa<\/td>\n<td>044-788 4800<\/td>\n<td>Oikokatu 1<\/td>\n<td>95420<\/td>\n<td>TORNIO<\/td>\n<td>24 h\/vrk<\/td>\n<\/tr>\n<tr>\n<td>37<\/td>\n<td>Kone Muionio oy<\/td>\n<td>0405807150<\/td>\n<td>Puthaanrannantie 6<\/td>\n<td>99300<\/td>\n<td>MUONIO<\/td>\n<td><\/td>\n<\/tr>\n<tr>\n<td>38<\/td>\n<td>Flyventures oy<\/td>\n<td>0413119731<\/td>\n<td>Burmannintie 1<\/td>\n<td>95700<\/td>\n<td>PELLO<\/td>\n<td><\/td>\n<\/tr>\n<tr>\n<td>39<\/td>\n<td>Park Hotel Tornio oy<\/td>\n<td>0403583300<\/td>\n<td>It\u00e4ranta 4<\/td>\n<td>95400<\/td>\n<td>TORNIO<\/td>\n<td><\/td>\n<\/tr>\n<tr>\n<td>40<\/td>\n<td>K-Market Timpantori \/ Timo Sepp\u00e4l\u00e4<\/td>\n<td>0106179710<\/td>\n<td>Jokivarrentie 810<\/td>\n<td>95500<\/td>\n<td>VOJAKKALA<\/td>\n<td><\/td>\n<\/tr>\n<tr>\n<td>41<\/td>\n<td>Napapiirin Er\u00e4kartano oy\/ Veijo Kauvosaari<\/td>\n<td><\/td>\n<td>Rantatie 2<\/td>\n<td>95600<\/td>\n<td>JUOKSENKI<\/td>\n<td><\/td>\n<\/tr>\n<tr>\n<td>42<\/td>\n<td>OKQ8 \u00d6vertorne\u00e5 \/ Tomas Suup<\/td>\n<td>9904692710019<\/td>\n<td>Sockv\u00e4gen 2<\/td>\n<td>95731<\/td>\n<td>\u00d6VERTORNE\u00c5<\/td>\n<td>Sverige<\/td>\n<\/tr>\n<tr>\n<td>43<\/td>\n<td>ICA-Pellohallen \/ Minna Bergman-Lahti<\/td>\n<td>092722050<\/td>\n<td>Pellov\u00e4gen 137<\/td>\n<td>95793<\/td>\n<td>PELLO<\/td>\n<td>Sverige<\/td>\n<\/tr>\n<tr>\n<td>44<\/td>\n<td>SEO Ylitornio<\/td>\n<td>0405588867<\/td>\n<td>Kilpisj\u00e4rventie 30<\/td>\n<td>95600<\/td>\n<td>YLITORNIO<\/td>\n<td><\/td>\n<\/tr>\n<tr>\n<td>45<\/td>\n<td>GT Aavasaksa \/ Pentti Holster<\/td>\n<td>016578301<\/td>\n<td>Kilpisj\u00e4rventie 644<\/td>\n<td>95620<\/td>\n<td>AAVASAKSA<\/td>\n<td><\/td>\n<\/tr>\n<tr>\n<td>46<\/td>\n<td>Jokiharjun leirint\u00e4alue<\/td>\n<td>0400292186<\/td>\n<td>Oskarintie 1<\/td>\n<td>99450<\/td>\n<td>PALOJOENSUU<\/td>\n<td><\/td>\n<\/tr>\n<tr>\n<td>47<\/td>\n<td>Riitta Bj\u00f6rk<\/td>\n<td><\/td>\n<td>Vitsaniemi 123<\/td>\n<td>SE-95795<\/td>\n<td>HEDEN\u00c4SET<\/td>\n<td>Sverige<\/td>\n<\/tr>\n<tr>\n<td>48<\/td>\n<td>Pohjolan Safarit- Nordic Safaris<\/td>\n<td>0400692301<\/td>\n<td>\u00a0Koskitie 130<\/td>\n<td>\u00a095520<\/td>\n<td>KUKKOLA<\/td>\n<td><\/td>\n<\/tr>\n<tr>\n<td>49<\/td>\n<td>Kafet Kolari<\/td>\n<td>0408271917<\/td>\n<td>Jokijalantie1<\/td>\n<td>95900<\/td>\n<td>KOLARI<\/td>\n<td><\/td>\n<\/tr>\n<tr>\n<td>50<\/td>\n<td>Wildfish Guiding ky\/ Heikki P\u00f6ysk\u00f6<\/td>\n<td>0509101809<\/td>\n<td>\u00a0Aleksintie 14<\/td>\n<td>\u00a099300<\/td>\n<td>MUONIO<\/td>\n<td><\/td>\n<\/tr>\n<\/tbody>\n<\/table>\n","protected":false},"excerpt":{"rendered":"<p>TORNION-MUONIONJOEN-K\u00d6NK\u00c4M\u00c4ENON YHTEISLUVAN LUVANMYYNTIPISTEET V. 2022 &nbsp; N:O Nimi Puh. L\u00e4hiosoite Postinumero Postitoimipaikka Huom! 2 Kukkolaforsen Turist &amp; Konferens AB 9904692231000 Kukkolaforsen 184 SE-95391 HAPARANDA Sverige 3 Honkasuvannon Majat +358(0)400587233 V\u00e4yl\u00e4nvarrentie 194 95720 JARHOINEN 4 5 Arctic Camping. 050 5471050 Karpinp\u00e4\u00e4ntie 9 95640 JUOKSENKI 6 Rautilas Livs Ab \/ Agneta Rautila +46927 21009 Byv\u00e4gen 47 SE-95723 [&hellip;]<\/p>\n","protected":false},"author":2,"featured_media":779,"parent":0,"menu_order":0,"comment_status":"closed","ping_status":"closed","template":"","meta":[],"acf":[],"_links":{"self":[{"href":"https:\/\/yhteislupa.com\/yhteislupa\/wp-json\/wp\/v2\/pages\/322"}],"collection":[{"href":"https:\/\/yhteislupa.com\/yhteislupa\/wp-json\/wp\/v2\/pages"}],"about":[{"href":"https:\/\/yhteislupa.com\/yhteislupa\/wp-json\/wp\/v2\/types\/page"}],"author":[{"embeddable":true,"href":"https:\/\/yhteislupa.com\/yhteislupa\/wp-json\/wp\/v2\/users\/2"}],"replies":[{"embeddable":true,"href":"https:\/\/yhteislupa.com\/yhteislupa\/wp-json\/wp\/v2\/comments?post=322"}],"version-history":[{"count":17,"href":"https:\/\/yhteislupa.com\/yhteislupa\/wp-json\/wp\/v2\/pages\/322\/revisions"}],"predecessor-version":[{"id":7565,"href":"https:\/\/yhteislupa.com\/yhteislupa\/wp-json\/wp\/v2\/pages\/322\/revisions\/7565"}],"wp:featuredmedia":[{"embeddable":true,"href":"https:\/\/yhteislupa.com\/yhteislupa\/wp-json\/wp\/v2\/media\/779"}],"wp:attachment":[{"href":"https:\/\/yhteislupa.com\/yhteislupa\/wp-json\/wp\/v2\/media?parent=322"}],"curies":[{"name":"wp","href":"https:\/\/api.w.org\/{rel}","templated":true}]}}