{"id":345,"date":"2020-05-11T12:21:48","date_gmt":"2020-05-11T09:21:48","guid":{"rendered":"http:\/\/cloud26.hostingpalvelu.fi\/~saalisil\/yhteislupa\/?page_id=345"},"modified":"2022-01-31T16:27:54","modified_gmt":"2022-01-31T14:27:54","slug":"sopimuksen-osapuolet","status":"publish","type":"page","link":"https:\/\/yhteislupa.com\/yhteislupa\/tietoa\/sopimuksen-osapuolet\/","title":{"rendered":"SOPIMUKSEN OSAPUOLET"},"content":{"rendered":"<h5><strong>SOPIMUKSEN OSAPUOLINA OLEVAT KALASTUSOIKEUDEN HALTIJAT RAJAJOESSA.<\/strong><\/h5>\n<p>Tilanne 1.4.2019<\/p>\n<h5><strong>SUOMI<\/strong><\/h5>\n<p>Pirkki\u00f6n kalastuskunta, Tornion kaupunki, Kivirannan, Kukkolankosken ja Karungin kalastuskunnat, Kukkolan osakaskunta, Alavojakkalan jakokunnan osakaskunta, Ylivojakkalan kalastuskunta, Matkakoski Oy, Korpikyl\u00e4n osakaskunta, Kaulirannan, N\u00e4rkki-Tengeli\u00f6-Portimon, Kainuunkyl\u00e4n, Nuotiorannan, Alkkulan, Armassaaren ja Kolarin kalastuskunnat, Lappean- \u00c4\u00e4verkosken osakaskunta, Ristimella-Luttusen osakaskunta, Suomen valtio\/Mets\u00e4hallitus, Muonionniskan, Ylimuonion, Kangosj\u00e4rven, Ylimuonion Isosaaren, K\u00e4tk\u00e4suvannon ja Palojoensuun osakaskunnat, Kaaresuvannon ja Kelottij\u00e4rven kalastuskunnat, Lompolo 1:1 &amp; Kuivakankankaan kalastuskunta.<\/p>\n<h5><strong>RUOTSI<\/strong><\/h5>\n<p>Nedre Vojakkalan, \u00d6vre Vojakkalan, Kukkolan ja Karungin vesialueet, F\u00f6rvaltare jack och fiske, Parkajoen yhteinen vesialue, Kieksi\u00e4isvaaran jakokunta, Kengiksen\/C-E Sohlbergin yhteinen vesialue, Ruokoj\u00e4rven jakokunta, Jarhoisten -ja Kassan yhteinen vesialue, Juoksengin ja Kuivakankaan jakokunnan yhteiset vesialueet,Risudden- Vitsaniemen jakokunnan yhteinsn vesialue, Pellon yhteinen vesi-alue, Ruskolan jakokunta, Niemis yhteinen vesialue, P\u00e4kkil\u00e4 yhteinen vesialue, Ristimella 1:1, Huuki yhteinen vesialue &amp; Koivukyl\u00e4 yhteinen vesialue. Ruotsin puolella Pajalan kunnan alueella lupa koskee vain lohen kalastusta.<\/p>\n","protected":false},"excerpt":{"rendered":"<p>SOPIMUKSEN OSAPUOLINA OLEVAT KALASTUSOIKEUDEN HALTIJAT RAJAJOESSA. Tilanne 1.4.2019 SUOMI Pirkki\u00f6n kalastuskunta, Tornion kaupunki, Kivirannan, Kukkolankosken ja Karungin kalastuskunnat, Kukkolan osakaskunta, Alavojakkalan jakokunnan osakaskunta, Ylivojakkalan kalastuskunta, Matkakoski Oy, Korpikyl\u00e4n osakaskunta, Kaulirannan, N\u00e4rkki-Tengeli\u00f6-Portimon, Kainuunkyl\u00e4n, Nuotiorannan, Alkkulan, Armassaaren ja Kolarin kalastuskunnat, Lappean- \u00c4\u00e4verkosken osakaskunta, Ristimella-Luttusen osakaskunta, Suomen valtio\/Mets\u00e4hallitus, Muonionniskan, Ylimuonion, Kangosj\u00e4rven, Ylimuonion Isosaaren, K\u00e4tk\u00e4suvannon ja Palojoensuun osakaskunnat, Kaaresuvannon [&hellip;]<\/p>\n","protected":false},"author":2,"featured_media":776,"parent":47,"menu_order":0,"comment_status":"closed","ping_status":"closed","template":"","meta":[],"acf":[],"_links":{"self":[{"href":"https:\/\/yhteislupa.com\/yhteislupa\/wp-json\/wp\/v2\/pages\/345"}],"collection":[{"href":"https:\/\/yhteislupa.com\/yhteislupa\/wp-json\/wp\/v2\/pages"}],"about":[{"href":"https:\/\/yhteislupa.com\/yhteislupa\/wp-json\/wp\/v2\/types\/page"}],"author":[{"embeddable":true,"href":"https:\/\/yhteislupa.com\/yhteislupa\/wp-json\/wp\/v2\/users\/2"}],"replies":[{"embeddable":true,"href":"https:\/\/yhteislupa.com\/yhteislupa\/wp-json\/wp\/v2\/comments?post=345"}],"version-history":[{"count":8,"href":"https:\/\/yhteislupa.com\/yhteislupa\/wp-json\/wp\/v2\/pages\/345\/revisions"}],"predecessor-version":[{"id":7437,"href":"https:\/\/yhteislupa.com\/yhteislupa\/wp-json\/wp\/v2\/pages\/345\/revisions\/7437"}],"up":[{"embeddable":true,"href":"https:\/\/yhteislupa.com\/yhteislupa\/wp-json\/wp\/v2\/pages\/47"}],"wp:featuredmedia":[{"embeddable":true,"href":"https:\/\/yhteislupa.com\/yhteislupa\/wp-json\/wp\/v2\/media\/776"}],"wp:attachment":[{"href":"https:\/\/yhteislupa.com\/yhteislupa\/wp-json\/wp\/v2\/media?parent=345"}],"curies":[{"name":"wp","href":"https:\/\/api.w.org\/{rel}","templated":true}]}}